vided by 33.
20
Let z(y) = -y**2 - 15*y + 142. Calculate the remainder when 78 is divided by z(-19).
12
Calculate the remainder when 20 is divided by 8/(96/(-18))*(-40)/6.
0
Let f(q) = -11*q + 2*q**2 - 2 - 11 - q**2 + 0*q. Let w be f(9). What is the remainder when 0/((-1)/(-1)) - w is divided by 8?
7
Let x(v) = 2*v**2 + 43*v - 47. Let i = 11 + -3. Calculate the remainder when x(-23) is divided by i.
6
Let g = 124 - 79. Let j = 6090 - 6078. What is the remainder when g is divided by j?
9
Suppose -3*g + 5*q + 98 = 0, 5*q - 82 = 19*g - 21*g. What is the remainder when 94 is divided by g?
22
Suppose 0 = -3*o - 699 + 2850. Suppose -8*k = -o + 285. Suppose -a = a - 28. Calculate the remainder when k is divided by a.
12
Let y(j) be the first derivative of -3*j**2/2 - 7*j + 19. Calculate the remainder when y(-5) is divided by 4.
0
Suppose 3*u = v - 2*v - 2, 5*u = -2*v - 4. Suppose -w = -4*c - 0*c + 47, 4*c = 5*w + 59. Calculate the remainder when 7/(-14) - 43/v is divided by c.
10
Let f(g) = g**2 + g - 1. Let x be f(6). Let v = -1332 - -1334. Suppose -4*w + x = -v*z + 11, 10 = -w - 3*z. What is the remainder when 16 is divided by w?
1
Suppose 2*g = -4*z + 24, 0 = -4*g + 3*z + 78 + 14. Suppose 2*r = -4*u + 7 + 1, 4*r - 5*u + 23 = 0. What is the remainder when (r/4)/((-2)/152) is divided by g?
18
Suppose w - m - 40 = 2, -4*w = -2*m - 174. Calculate the remainder when w is divided by 17.
11
Let r(t) = 2*t**3 + 55*t**2 + 26*t - 15. What is the remainder when 33 is divided by r(-27)?
9
Let p = 127 + -122. Calculate the remainder when 25 is divided by p.
0
Suppose 2*i = -9*j + 152, -5*j - 5*i = -6*i - 95. Calculate the remainder when 363 is divided by j.
3
Calculate the remainder when 4/(-11) + (-14418)/(-22) is divided by 73.
71
Let g = 22 - 15. Let r = -3 + g. Suppose c + r*l - 122 = -c, -5*c = -2*l - 317. What is the remainder when c is divided by 22?
19
Let x(o) = o**2 - 4*o - 4. Let w be x(-2). Suppose 14 = 2*a - 14. What is the remainder when a is divided by (-1)/4*-4*w?
6
Suppose -2*b - 805 = -941. Calculate the remainder when 139 is divided by b.
3
Suppose 5*l - 10 = -4*s + s, 5*l = -5*s + 20. Suppose 3*h - 4*h + 67 = 3*d, -s = -5*h. What is the remainder when 64 is divided by d?
20
Suppose 3*o - 2*p = 154, o - 18 = 2*p + 40. Suppose 0 = 5*z + 15, -4*u + 6*z - 5*z = -43. What is the remainder when o is divided by u?
8
Suppose -8*t - 5*x + 6 = -11*t, 2*t - 2*x = 0. Calculate the remainder when (-1238)/(-8) - (1 + t/(-12)) is divided by 52.
50
Let a(k) = -8*k - 1. Suppose 87*s - 56 = -y + 86*s, 262 = 5*y - 4*s. Calculate the remainder when y is divided by a(-2).
9
Let p(q) = 3*q**2 - 10*q. Let h(x) = -3*x - 14. Let s be h(-7). Let a be p(s). Suppose 0 = -5*f + a + 28. Calculate the remainder when 83 is divided by f.
20
Suppose 69 + 57 = 3*q. Let y = q + -3. Calculate the remainder when y is divided by 10.
9
Let u(w) = 3*w + 29. Let g be u(-5). Let c(m) = -m + 32. What is the remainder when c(g) is divided by 6?
0
Let n = 8 + -8. Suppose n = 9*o - 4*o - 95. Calculate the remainder when o is divided by 7.
5
Suppose 26*r + 375 = 4509. What is the remainder when r is divided by 80?
79
Suppose -n + 7 = -52. Let f be ((-6)/5)/((-3)/10). Let a(s) = s**3 - 4*s**2 + 3*s + 3. Calculate the remainder when n is divided by a(f).
14
Let i(g) = -g**2 - 18*g - 5 + g + 2*g + 17. What is the remainder when 57 is divided by i(-15)?
9
Let h(i) = 4*i**3 + i**2 + 5*i - 3. Let x be 6*((-169)/(-234) - 4/18). What is the remainder when h(x) is divided by 11?
8
Suppose 2*y - 1867 = -15*u, -133 = -7*u + 6*u + 2*y. Calculate the remainder when u is divided by (0 - 6/(-8))*28.
20
Let l be 2/(-3)*(-4 + -2). Suppose -u - 3*z - z + 44 = 0, -2*z = l*u - 106. Calculate the remainder when (40/(-28))/((-1)/49 - 0) is divided by u.
22
Suppose w = -14 + 29. Suppose 5*r - 16 = r. Suppose 2*u = 2*l + r, u + 12 = 5*u - 2*l. Calculate the remainder when w is divided by u.
3
Let t = 15 - 9. Let b(l) = 2*l**2 - 4*l + 5. Suppose 0 = -22*f + 130 + 178. What is the remainder when b(t) is divided by f?
11
Let z = 13 - 11. Suppose 5*l = z*l - 540. Let o = -83 - l. Calculate the remainder when o is divided by 33.
31
Suppose -3*r = 3*w - 366, -3*w + 3*r + 352 = -r. Calculate the remainder when w is divided by 11.
10
Let s(b) = 3*b**2 - 14*b. Let h be s(5). Suppose -2*j - 3*j = -2*u - 116, h*j = -4*u + 128. What is the remainder when 69 is divided by j?
21
Let i(k) = -74*k - 1. What is the remainder when i(-7) is divided by 37?
36
Suppose 3*v - 264 = -3*b, v + 3*b + 104 = 2*v. Suppose 5*o = 2*x - v, -2*x + 2*o + 132 = 40. What is the remainder when x is divided by 8?
6
Let f = -11 + 21. Suppose -7 = -2*d - 3. Suppose 0 = s + 4*s + 2*n - 24, -3*s + d = -5*n. What is the remainder when f is divided by s?
2
Let u(p) = p**3 - 12*p**2 - 12*p + 8. Let f = 14 - 9. Suppose -3*a + 7*a + 4 = 0, -f*a = 5*l - 60. Calculate the remainder when u(l) is divided by 12.
9
Let v = 669 - 636. What is the remainder when 326 is divided by v?
29
Let y(c) = -8*c + 2. Suppose 2*i = 4*w + 8, 0 = -2*i - 2*i + w + 2. Suppose i = b - 13*b + 780. Calculate the remainder when b is divided by y(-4).
31
Let g(t) = 7*t - 27. Suppose -v + 7 = y, -4*y + v = -7*y + 21. Suppose 3*u + 32 = 7*u. Calculate the remainder when g(y) is divided by u.
6
Let l = 176 + -167. Suppose -3*w + 0*w + 78 = 0. What is the remainder when w is divided by l?
8
What is the remainder when (2/3)/((-2)/(-636)) is divided by 1/(4/(-172))*(-76 + 75)?
40
Let j(n) = -2*n**3 + n**2 + n + 1. Let x be j(-2). Suppose 0*l - l = -x. Let d(r) = -r**2 - 64*r - 609. Calculate the remainder when d(-13) is divided by l.
16
Suppose 2*y - 9 = 3*k, 5*k - 14 - 3 = -2*y. What is the remainder when 15 is divided by y?
3
Let i be (-1)/((-19)/(-9) - 2). Calculate the remainder when 70 is divided by i*(14/(-8) + 13/(-52)).
16
Let j(v) = -108*v - 464. What is the remainder when 1746 is divided by j(-5)?
74
Let b = 1048 - 986. What is the remainder when 555 is divided by b?
59
Suppose p - 4*p + 54 = 0. Suppose 2*g + 4*n - 24 = 0, -g - n + 16 = 8. Calculate the remainder when p is divided by g.
2
Suppose 1 = -t - 5. Let g(w) = -w**2 - 8*w + 2. Let q = -15 + 40. Calculate the remainder when q is divided by g(t).
11
Suppose -10*o - 8*o - 108 = 0. Let i(m) = 2*m**2 + 9*m + 29. Suppose -12 = -w - 0*w. Calculate the remainder when i(o) is divided by w.
11
Let y(v) = 22*v - 1. Suppose 26 = 2*p + 3*n, -4*p - 4*n + 14 = -38. Let t = -12 + p. What is the remainder when 81 is divided by y(t)?
18
Suppose t = -2*r + 19, 2*r + 2*r = -t + 13. What is the remainder when 72 is divided by t?
22
Let l(g) = -6*g - 75. Let w be l(-22). Suppose 5*c = -2 + w. What is the remainder when 65 is divided by c?
10
Suppose -328 = -u - 4*d, -28*u - 2*d + 1014 = -25*u. What is the remainder when u is divided by 9?
7
Let v = 7006 - 6991. Let m(p) = -p**3 + 5*p**2 + 1. Let d be m(5). Suppose d = 2*k - 7. Calculate the remainder when v is divided by k.
3
Suppose 4*i = -i - 125. Let m = -17 + i. Let s = 67 + m. What is the remainder when s is divided by 14?
11
Let t(d) be the first derivative of -d**2/2 + 11*d + 5. Let m be t(9). Let a = 6 - m. Calculate the remainder when 5 is divided by a.
1
Let d be 2/8 - (-609)/28. Let s be (-36)/(-27) - d/(-6). Suppose s*f - 4*q = 115, -4*f - 5*q = -0*f - 133. What is the remainder when 51 is divided by f?
24
Suppose 41*h - 46*h = 4*b - 13, 4*h + 3*b - 11 = 0. Calculate the remainder when 65 is divided by h.
0
Let r be (-4)/14 + (-909)/(-21). Suppose 0 = -5*h + r + 67. Calculate the remainder when h is divided by 13.
9
Let l = 62 - -89. Suppose -8*q + l + 81 = 0. What is the remainder when q is divided by 10*(1 + (-3)/(-5))?
13
Suppose 4*g - 2*i = -22, 7 - 26 = 4*g - 5*i. Let z = g - -11. Calculate the remainder when 12 is divided by z.
2
Let s(c) = 2*c**2 + 2. Let n be (3/6)/((-1)/(-16)). Suppose -4*o = -n*o + 152. What is the remainder when o is divided by s(-2)?
8
Let w(p) = -p**3 + 7*p**2 + 6*p + 25. What is the remainder when 11 is divided by w(8)?
2
Let z(h) = -2*h**3 - h + 1. Let d be z(-5). Let s = d + -152. Suppose -4*i = -4 - s. What is the remainder when 78 is divided by i?
24
Let q be 2*(-1)/(-2) - -224. Suppose -5*v + 22 = -b + 3, 5*b = -3*v + 45. Suppose q = -3*s + b